3, 4259
List the prime factors of 7191992.
2, 773, 1163
What are the prime factors of 2871872?
2, 23, 1951
List the prime factors of 577827.
3, 21401
List the prime factors of 22953126.
2, 3, 7, 23, 23761
What are the prime factors of 9795876?
2, 3, 17, 31, 1549
List the prime factors of 640049.
640049
List the prime factors of 168759.
3, 17, 1103
List the prime factors of 722190.
2, 3, 5, 7, 19, 181
What are the prime factors of 219731?
219731
List the prime factors of 330868.
2, 181, 457
What are the prime factors of 1899967?
61, 31147
What are the prime factors of 119331?
3, 13259
List the prime factors of 1307066.
2, 227, 2879
List the prime factors of 1567025.
5, 19, 3299
List the prime factors of 423562.
2, 211781
List the prime factors of 12861062.
2, 19, 338449
What are the prime factors of 7717368?
2, 3, 89, 3613
List the prime factors of 6948.
2, 3, 193
List the prime factors of 818524.
2, 7, 23, 31, 41
List the prime factors of 28610.
2, 5, 2861
List the prime factors of 100328.
2, 12541
List the prime factors of 298774.
2, 7, 21341
List the prime factors of 1368024.
2, 3, 7, 17, 479
What are the prime factors of 6173494?
2, 137, 22531
List the prime factors of 1287320.
2, 5, 32183
List the prime factors of 3182691.
3, 109, 9733
What are the prime factors of 546343?
7, 78049
List the prime factors of 33328.
2, 2083
What are the prime factors of 1554005?
5, 310801
What are the prime factors of 26194?
2, 7, 1871
List the prime factors of 456050.
2, 5, 7, 1303
List the prime factors of 162055.
5, 32411
What are the prime factors of 155871?
3, 23, 251
List the prime factors of 22270965.
3, 5, 1039, 1429
What are the prime factors of 314604?
2, 3, 971
List the prime factors of 7334907.
3, 23, 106303
What are the prime factors of 1039378?
2, 509, 1021
List the prime factors of 351631.
7, 191, 263
List the prime factors of 351652.
2, 7, 19, 661
What are the prime factors of 5011791?
3, 1670597
What are the prime factors of 6022373?
7, 19, 45281
What are the prime factors of 3367945?
5, 7, 41, 2347
List the prime factors of 3680696.
2, 460087
List the prime factors of 1967315.
5, 7, 56209
What are the prime factors of 8823687?
3, 389, 7561
What are the prime factors of 3140813?
13, 241601
What are the prime factors of 13253058?
2, 3, 7, 13, 29, 31
What are the prime factors of 7844804?
2, 11, 131, 1361
List the prime factors of 195554.
2, 97777
What are the prime factors of 32173?
32173
What are the prime factors of 28527230?
2, 5, 179, 15937
List the prime factors of 485290.
2, 5, 13, 3733
List the prime factors of 979498.
2, 13, 101, 373
What are the prime factors of 560621?
560621
List the prime factors of 7929044.
2, 269, 7369
What are the prime factors of 1299122?
2, 11, 59051
What are the prime factors of 92980?
2, 5, 4649
What are the prime factors of 2543686?
2, 1271843
List the prime factors of 2512731.
3, 13, 19, 3391
List the prime factors of 25653720.
2, 3, 5, 71, 3011
List the prime factors of 2916386.
2, 11, 19, 6977
What are the prime factors of 25864?
2, 53, 61
List the prime factors of 233331.
3, 7, 41, 271
List the prime factors of 11934688.
2, 79, 4721
List the prime factors of 1579367.
1579367
What are the prime factors of 122890?
2, 5, 12289
List the prime factors of 1191464.
2, 148933
List the prime factors of 2672863.
19, 140677
What are the prime factors of 5684969?
5684969
List the prime factors of 12167330.
2, 5, 7, 173819
What are the prime factors of 17206?
2, 7, 1229
What are the prime factors of 1148647?
1148647
What are the prime factors of 376610?
2, 5, 13, 2897
List the prime factors of 24123215.
5, 29, 43, 53, 73
List the prime factors of 22981.
7, 67
List the prime factors of 1254973.
31, 40483
List the prime factors of 979358.
2, 489679
List the prime factors of 59912.
2, 7489
What are the prime factors of 3533589?
3, 197, 1993
What are the prime factors of 204929?
101, 2029
What are the prime factors of 7080995?
5, 1416199
What are the prime factors of 27104?
2, 7, 11
List the prime factors of 210344.
2, 26293
What are the prime factors of 1343569?
1343569
What are the prime factors of 3709765?
5, 97, 7649
List the prime factors of 650340.
2, 3, 5, 3613
What are the prime factors of 27281886?
2, 3, 127, 35803
List the prime factors of 1527802.
2, 763901
List the prime factors of 6295549.
13, 163, 2971
What are the prime factors of 1270742?
2, 11, 59, 89
List the prime factors of 263633.
43, 6131
What are the prime factors of 632483?
632483
What are the prime factors of 17912793?
3, 691, 8641
What are the prime factors of 3154991?
7, 41, 10993
What are the prime factors of 4494590?
2, 5, 449459
List the prime factors of 1254530.
2, 5, 125453
What are the prime factors of 4606738?
2, 73, 139, 227
List the prime factors of 11860680.
2, 3, 5, 13, 7603
List the prime factors of 2203842.
2, 3, 367307
What are the prime factors of 283000?
2, 5, 283
List the prime factors of 85505.
5, 7, 349
List the prime factors of 428355.
3, 5, 19, 167
What are the prime factors of 344675?
5, 17, 811
What are the prime factors of 4451995?
5, 23, 38713
List the prime factors of 153773.
367, 419
List the prime factors of 8618521.
37, 109, 2137
What are the prime factors of 14191752?
2, 3, 103, 5741
What are the prime factors of 382804?
2, 95701
What are the prime factors of 2355319?
601, 3919
What are the prime factors of 2797521?
3, 61, 15287
List the prime factors of 407509.
407509
What are the prime factors of 3831834?
2, 3, 17, 37567
What are the prime factors of 61029?
3, 6781
List the prime factors of 6665.
5, 31, 43
List the prime factors of 36065.
5, 7213
What are the prime factors of 511871?
293, 1747
List the prime factors of 280882.
2, 7, 20063
List the prime factors of 10582365.
3, 5, 705491
List the prime factors of 4397647.
29, 151643
List the prime factors of 1138671.
3, 181, 233
List the prime factors of 268374.
2, 3, 44729
List the prime factors of 31249.
31249
What are the prime factors of 915335?
5, 183067
List the prime factors of 2122114.
2, 1061057
What are the prime factors of 9124955?
5, 7, 260713
What are the prime factors of 294922?
2, 167, 883
What are the prime factors of 655059?
3, 67, 3259
What are the prime factors of 31073?
7, 23, 193
List the prime factors of 120012.
2, 3, 73, 137
What are the prime factors of 10793727?
3, 7, 171329
What are the prime factors of 1067051?
31, 34421
What are the prime factors of 5033539?
7, 359, 2003
What are the prime factors of 4254691?
7, 607813
What are the prime factors of 1355286?
2, 3, 29, 7789
List the prime factors of 489098.
2, 19, 61, 211
What are the prime factors of 4849554?
2, 3, 29, 47, 593
List the prime factors of 1160241.
3, 386747
List the prime factors of 872136.
2, 3, 12113
List the prime factors of 1996783.
317, 6299
What are the prime factors of 673370?
2, 5, 17, 233
List the prime factors of 790828.
2, 211, 937
What are the prime factors of 676317?
3, 59, 3821
What are the prime factors of 155177?
11, 14107
List the prime factors of 520245.
3, 5, 11, 1051
List the prime factors of 2068166.
2, 53, 109, 179
List the prime factors of 30509.
30509
List the prime factors of 847956.
2, 3, 70663
List the prime factors of 16278503.
17, 23, 31, 79
What are the prime factors of 762263?
17, 44839
What are the prime factors of 10073641?
2999, 3359
List the prime factors of 607185.
3, 5, 103, 131
What are the prime factors of 220698?
2, 3, 61, 67
List the prime factors of 1188260.
2, 5, 19, 53, 59
What are the prime factors of 10729756?
2, 19, 141181
What are the prime factors of 23666478?
2, 3, 11, 311, 1153
List the prime factors of 968254.
2, 7, 23, 31, 97
List the prime factors of 7573079.
2549, 2971
What are the prime factors of 226206?
2, 3, 59, 71
What are the prime factors of 238081?
238081
List the prime factors of 37578904.
2, 11, 43, 9931
What are the prime factors of 162564?
2, 3, 19, 23, 31
List the prime factors of 6341194.
2, 61, 51977
List the prime factors of 32173299.
3, 17, 210283
List the prime factors of 6068937.
3, 7, 288997
List the prime factors of 389521.
11, 17, 2083
What are the prime factors of 2231708?
2, 557927
What are the prime factors of 2887753?
11, 19, 41, 337
List the prime factors of 14292652.
2, 11, 157, 2069
L